se 15, what is -3 + -d4?
-d7
In base 12, what is -22 + -8?
-2a
In base 5, what is 12 - 2?
10
In base 8, what is -4 - 1242?
-1246
In base 13, what is -1 - -16?
15
In base 4, what is -3321 + -1000?
-10321
In base 8, what is 1733 + 2?
1735
In base 9, what is 0 - -13186?
13186
In base 3, what is 1 - 122001?
-122000
In base 16, what is -446 - 12?
-458
In base 15, what is -ce + -4?
-d3
In base 6, what is -2 + 3131?
3125
In base 15, what is 81c - -2?
81e
In base 12, what is -1 - 854?
-855
In base 6, what is -100521 - 5?
-100530
In base 16, what is 196 + 2?
198
In base 10, what is 6961 - -2?
6963
In base 11, what is 7 - -616?
622
In base 16, what is -154 - -8?
-14c
In base 10, what is -21 - 10?
-31
In base 4, what is 120 + 0?
120
In base 12, what is -459 - -6?
-453
In base 14, what is -6 - 587?
-58d
In base 15, what is 41 + -6?
3a
In base 3, what is -22210101 + 12?
-22210012
In base 10, what is -13 + 53?
40
In base 13, what is -79 + -7?
-83
In base 13, what is 0 + 22?
22
In base 6, what is -42 + 35?
-3
In base 14, what is -19 + -3?
-1c
In base 7, what is 1 - 10?
-6
In base 15, what is 3908 + 1?
3909
In base 12, what is -1 - -50?
4b
In base 10, what is 4 + 487?
491
In base 5, what is -32 - 104?
-141
In base 9, what is -50 - -3?
-46
In base 13, what is -43 - 1?
-44
In base 12, what is -a - -b?
1
In base 5, what is 41 - 204?
-113
In base 15, what is 0 + 2a7?
2a7
In base 7, what is 5 - -1046?
1054
In base 7, what is 21 - 31?
-10
In base 14, what is -9 - -16a?
161
In base 13, what is 5 + 66?
6b
In base 12, what is 8 - -58?
64
In base 15, what is 18e + 0?
18e
In base 2, what is -101011011000 + -110?
-101011011110
In base 8, what is 124 - 5?
117
In base 4, what is -2323 + 2?
-2321
In base 8, what is 35 - -237?
274
In base 9, what is -6 + -121?
-127
In base 7, what is -3 - -6660?
6654
In base 8, what is 56 - -4?
62
In base 4, what is 3330 - -11?
10001
In base 4, what is -1 + -1110?
-1111
In base 15, what is b6 - -3?
b9
In base 5, what is -1 + 1314?
1313
In base 6, what is -14 + -325?
-343
In base 10, what is 329 - 2?
327
In base 11, what is 3 - -8?
10
In base 10, what is 143 - 14?
129
In base 14, what is -aa + 1?
-a9
In base 15, what is -24d2 - -4?
-24cd
In base 8, what is -46 - 5?
-53
In base 2, what is 1 - -111011?
111100
In base 11, what is -3 + -8?
-10
In base 13, what is 1 - -52?
53
In base 14, what is 6c5 + 2?
6c7
In base 5, what is -1010 - -2?
-1003
In base 7, what is -2 + 15325?
15323
In base 15, what is -8 + -77b?
-784
In base 7, what is 3 - 116?
-113
In base 8, what is 151 - -4?
155
In base 8, what is 1 - -743?
744
In base 15, what is 33 - 5?
2d
In base 4, what is -10320 + 200?
-10120
In base 16, what is 1b8 + 0?
1b8
In base 12, what is 1b2 + -2?
1b0
In base 5, what is 242 + -10?
232
In base 6, what is -20 + -4?
-24
In base 10, what is -20 - 5?
-25
In base 11, what is 2 - -1a?
21
In base 13, what is 6 + -9?
-3
In base 6, what is 22 - 45?
-23
In base 4, what is 2322 + 3?
2331
In base 12, what is 1300 - -4?
1304
In base 2, what is 1111 + 111?
10110
In base 12, what is -16 + -a5?
-bb
In base 10, what is -1 - 106?
-107
In base 12, what is 4534 + -2?
4532
In base 7, what is -52 - 3?
-55
In base 14, what is -5b + -27?
-84
In base 16, what is -4 + -5?
-9
In base 3, what is 111 - 20002?
-12121
In base 8, what is 2467 + -4?
2463
In base 16, what is -4 + 163?
15f
In base 11, what is -23a - -3?
-237
In base 12, what is 514 + 3?
517
In base 2, what is 101 + -110011100?
-110010111
In base 9, what is -7 - 10?
-17
In base 9, what is 3 - -10?
13
In base 5, what is 10 + -11?
-1
In base 3, what is -2 - -20102?
20100
In base 7, what is 521 + 2?
523
In base 4, what is 1 + -20?
-13
In base 13, what is 10 + -4?
9
In base 9, what is 4085 + 4?
4100
In base 13, what is -4b2 - -6?
-4a9
In base 10, what is -220 + 11?
-209
In base 14, what is 1a + 167?
183
In base 11, what is 3 + -893?
-890
In base 16, what is 8 + -a?
-2
In base 3, what is 220 - 102?
111
In base 2, what is 111010100101 + -101?
111010100000
In base 7, what is -1 - -101?
100
In base 13, what is 13 - -143?
156
In base 13, what is -219 - -1?
-218
In base 4, what is 32032 + 10?
32102
In base 3, what is -22210 - 2?
-22212
In base 13, what is -1413 - -5?
-140b
In base 3, what is -212 + -1?
-220
In base 14, what is 4199 + -3?
4196
In base 5, what is -1 - 2?
-3
In base 3, what is 1021220001 + -1?
1021220000
In base 15, what is 4 - 122?
-11d
In base 15, what is 64 + 8?
6c
In base 6, what is 5 - 145?
-140
In base 4, what is 1210212 - -11?
1210223
In base 10, what is 2 + 4?
6
In base 16, what is 1 + 1c?
1d
In base 11, what is 5 - -9?
13
In base 8, what is -7 + 11?
2
In base 16, what is 5 - -53?
58
In base 15, what is -334 + -4?
-338
In base 3, what is 10000212 + 0?
10000212
In base 2, what is 1110 - -111001101?
111011011
In base 2, what is -1010100 + 10010101?
1000001
In base 9, what is 0 + 182?
182
In base 13, what is -10a + -90?
-19a
In base 16, what is -5d - 0?
-5d
In base 16, what is cb - 6?
c5
In base 16, what is -b9 + 7?
-b2
In base 7, what is 3 - -35?
41
In base 5, what is -2000 + -10?
-2010
In base 4, what is 12310 + -1?
12303
In base 15, what is -21 + a6?
85
In base 8, what is -54 - -24?
-30
In base 8, what is 52 - 17?
33
In base 8, what is -101 - -4?
-75
In base 12, what is 315 - -1?
316
In base 14, what is 5 - 108?
-103
In base 6, what is 0 - 13403?
-13403
In base 16, what is -877 - -8?
-86f
In base 8, what is -11 - -37?
26
In base 13, what is -22 - 9?
-2b
In base 2, what is 100 - 10100101011?
-10100100111
In base 3, what is 1101222 - 0?
1101222
In base 7, what is 3 - 14?
-11
In base 11, what is 6 - 720?
-715
In base 16, what is -d - -3?
-a
In base 6, what is 2221 + -21?
2200
In base 12, what is -2 + -407?
-409
In base 7, what is -3522 + -16?
-3541
In base 14, what is ca + 39?
125
In base 8, what is -1 + 613?
612
In base 7, what is 0 + 134?
134
In base 16, what is -5 - -4de?
4d9
In base 15, what is -14 - -4?
-10
In base 8, what is -3 + -4760?
-4763
In base 5, what is 4 - 420?
-411
In base 12, what is 5 - a4?
-9b
In base 11, what is 1 + 74?
75
In base 16, what is c + 227?
233
In base 8, what is -2 - -4552?
4550
In base 8, what is -6 + 1767?
1761
In base 3, what is -120 - -120?
0
In base 7, what is 1533 - 5?
1525
In base 7, what is 32 + -3?
26
In base 10, what is 6 - -1085?
1091
In base 14, what is -c7 - 4?
-cb
In base 13, what is -c7 - 4?
-cb
In base 10, what is -33 - -226?
193
In base 15, what is -2 - -1e?
1c
In base 11, what is 4 + 267?
270
In base 7, what is 24 - 0?
24
In base 10, what is -10 - -55?
45
In base 11, what is -3 - -3118?
3115
In base 9, what is -3 - 338?
-342
In base 15, what is 1 + -63?
-62
In base 6, what is -323 + 0?
-323
In base 9, what is -5 + -103?
-108
In base 11, what is -19a8 - 3?
-1a00
In base 8, what is -1661 + -1?
-1662
In base 8, what is 4563 - 2?
4561
In base 3, what is 1 - 22002011?
-22002010
In base 7, what is 2314 - 5?
2306
In base 8, what is 706 + 133?
1041
In base 2, what is -1000 - -1011011?
1010011
In base 14, what is 4d9 + 1?
4da
In base 4, what is -10 - -2210?
2200
In base 16, what is -12 + 6?
-c
In base 13, what is b9 - 4?
b5
In base 5, what is -10 + 41?
31
In base 8, what is -22262 - -2?
-22260
In base 3, what is 12 - -2012?
2101
In base 14, what is -31 - -9?
-26
In base 6, what is -1 - 101?
-102
In base 12, what is -6227 + -2?
-6229
In base 14, what is -448 - -3?
-445
In base 10, what is 4 + -1484?
-1480
In base 8, what is -13323 + -4?
-13327
In base 3, what is -2021101200 + -11?
-2021101211
In base 15, what is -55b - -1?
-55a
In base 13, what is -1407 + -3?
-140a
In base 10, what is -6 + -354?
-360
In base 12, what is 182 - 1?
181
In base 8, what is -100 - -2?
-76
In base 8, what is -33 - 15?
-50
In base 4, what is 10 - 2012?
-2002
In base 10, what is -4 - -2117?
2113
In base 6, what is 121122 - 3?
121115
In base 5, what is 124 + 12?
141
In base 6, what is -3 - 1?
-4
In base 7, what is 1 - -212?
213
In base 13, what is 3 + -43?
-40
In base 11, what is 51 + 3a3?
444
In base 6, what is 2532 - 4?
2524
In base 13, what is 3c7 + -5?
3c2
In base 10, what is 175 + 3?
178
In base 16, what is -42 + -4?
-46
In base 14, what is 2 + -c7?
-c5
In base 8, what is -1 - 5421?
-5422
In base 12, what is 1 - -44?
45
In base 12, what is -8 - -208?
200
In base 8, what is -4603 + 1?
-460